+ 3*q - 75, 3*t - 3*q = u. What is the greatest common divisor of t and 72?
18
Suppose -3*n = 2*u - 19, -8 - 9 = -4*u + n. Let h = 5 - 0. Suppose -w + 0 = -h. Calculate the highest common factor of w and u.
5
Suppose -778 = -4*y + v + 1128, -2*v - 480 = -y. Suppose n + 3*n - y = 0. Calculate the greatest common divisor of 17 and n.
17
Let p = -134 + 142. Suppose -12 - 13 = -5*v - 5*n, -3*v = 4*n - 18. Calculate the highest common divisor of p and v.
2
Suppose -2*t - 996 = -3*d, t + 0*t = 0. Let s be d/14 - 4/(-14). What is the highest common factor of 3 and s?
3
Let k be (-3)/((-3)/(-20)*-2). Suppose 26 = 4*b - k. Let a = 105 + -60. Calculate the greatest common factor of b and a.
9
Suppose 0 = 5*o - 9 - 6. Suppose -61 = -2*a - w, w = -5*a + o*w + 148. What is the greatest common divisor of 6 and a?
6
Let k be 4*1*1/2. Suppose -10 = k*r + 2. Let u be 3/(-2 - 14/r). Calculate the highest common divisor of 27 and u.
9
Let l = -30 - -35. Calculate the greatest common divisor of 40 and l.
5
Let g be (3 + -6)/(-6)*218. Let w = g + -67. Let h(r) = -28*r. Let i be h(-1). Calculate the greatest common divisor of i and w.
14
Let x = -9 - -11. Suppose -4*v = -3*r + 29, -2*r - 6*v - 9 = -3*v. What is the greatest common divisor of r and x?
1
Let v(x) = -7*x**3 - 7*x**2 + 7. Let g(y) = -4*y**3 - 4*y**2 + 4. Let p(m) = 5*g(m) - 3*v(m). Let r be p(2). Calculate the greatest common divisor of r and 33.
11
Suppose 0 = f - 5*f + 60. What is the greatest common divisor of f and 5?
5
Suppose -4*r + 88 + 96 = 0. Suppose 4*o - 94 = o - y, -r = -2*o - 4*y. Let x = o + -19. What is the greatest common factor of 98 and x?
14
Let z be 19*5 - (4 - (-1 - -2)). What is the highest common factor of 23 and z?
23
Let g be (-18)/(-4)*(-4)/(-6). Suppose 2*j = -j + g. Suppose 0 = 4*m - 4, 0*r + 3*m = -r + 4. What is the highest common factor of r and j?
1
Let q = 442 + -232. What is the highest common factor of 30 and q?
30
Suppose f - 2*x + 2 = 0, -2*f + 2*x = -x + 1. Let y be (f/2)/(-2) - -19. What is the highest common factor of y and 18?
18
Let k(u) = -u - 7. Let o be k(-4). Let b = o - -15. Let r = 30 + 6. Calculate the highest common divisor of b and r.
12
Suppose 3 + 3 = 2*i. Suppose -i*l + 5 = -7, 2*m - 2*l - 132 = 0. Calculate the greatest common divisor of m and 10.
10
Let c be ((-4)/(-2))/((-7)/(-28)). Let v be (32/(-3))/(1/3). Let u be (-3)/1*v/6. What is the greatest common divisor of u and c?
8
Let y = 41 - 27. Calculate the greatest common factor of 7 and y.
7
Let l(c) = 11*c**3 + c**2 - c. Let t(s) = -s + 5. Let r be t(4). Let m be l(r). Calculate the greatest common divisor of 88 and m.
11
Let c = -1 + 4. Suppose 15 = -5*x + 2*x + c*p, x - 1 = 4*p. Let n(r) = -4*r. Let f be n(x). Calculate the highest common divisor of f and 70.
14
Let o = -26 - -34. Suppose -204 = -o*n + 2*n. Calculate the highest common factor of n and 51.
17
Let p = 3 - -6. Let k be (-3)/p - 543/(-9). What is the greatest common divisor of 24 and k?
12
Let t = -2 + 12. Calculate the greatest common factor of t and 50.
10
Suppose 7*d + 6 = 8*d. What is the highest common divisor of d and 54?
6
Let n(f) = f**3 - 14*f**2 + f + 4. Let d be n(14). Suppose 0 = 4*i + 9 + 3. Let y = -1 - i. Calculate the highest common divisor of d and y.
2
Let l(v) = v**2 + 8*v + 9. Let a be l(-8). Suppose 4*z = 3*z + a. Let f = 25 - -29. Calculate the highest common factor of z and f.
9
Let r be ((-6)/27)/(6/(-54)). Suppose -r*s + 5*f = -76, 3*s + 2*f - 128 = -s. What is the highest common divisor of s and 11?
11
Let p(r) be the first derivative of 11*r**2/2 + 3*r + 2. Let x be p(3). What is the highest common divisor of x and 18?
18
Suppose 0 = 2*s - 4*f - 46, -f + 20 + 9 = s. What is the highest common factor of s and 18?
9
Let z = 179 - 74. Let l be 3*-2*(-3)/18. Let r(n) = 21*n. Let o be r(l). What is the greatest common factor of o and z?
21
Suppose -4*s + 7 + 5 = 0. What is the highest common factor of 1 and s?
1
Let n be 0*2/(-6 + 2). Suppose 0 = -j, 5*v - 10 = -n*v + 4*j. Suppose l = 6*l + 3*i - 598, v*l + 4*i - 242 = 0. What is the greatest common factor of l and 17?
17
Let x be 22/(-2) - (-1 + 0). Let u(y) = -y**3 - 9*y**2 + 9*y - 4. Let s be u(x). Let w be 24/20*40/s. Calculate the greatest common divisor of w and 24.
8
Let n(h) = 8*h + 4. Let q be n(-3). Let j = q - -53. Calculate the greatest common divisor of 22 and j.
11
Suppose -9 = -3*t - 4*n + 43, t - 32 = -5*n. Let d = t + -6. Calculate the greatest common divisor of 54 and d.
6
Suppose -3*q + 5*q - 82 = 0. Suppose -4*b - b - f = -145, -2*b + 3*f = -q. Suppose -u = -8 - 34. What is the highest common factor of b and u?
14
Let f be 8 + (-1)/((-3)/(-9)). Suppose -2*b + 8 = 4*c + 2, f*c - 2 = 3*b. Suppose -u + 3 = 2*u. What is the greatest common divisor of u and b?
1
Suppose 6 = 2*x - 3*i, 5*i + 12 = 3*x + 2*i. Suppose 0 = -3*g, -2*h - 4*g = -5*g - x. What is the greatest common factor of h and 6?
3
Suppose 0 = -3*i + 3*p + 18, -4*p - 8 = -2*i - p. Calculate the greatest common divisor of 35 and i.
5
Let r be ((-12)/(-14))/((-4)/(-28)). What is the greatest common divisor of r and 102?
6
Let c(n) = -2*n + 7. Let m be c(-6). Let j = -7 + m. Calculate the greatest common factor of 4 and j.
4
Let w(z) = -z**2 + 13*z - 7. Let g be w(11). Calculate the greatest common factor of 5 and g.
5
Let b = 4 - 1. Suppose 2*l + 3 + b = 0, -5*f - 4*l + 18 = 0. What is the greatest common divisor of 24 and f?
6
Suppose -i = 4*i. Suppose i = -5*w + 2*s - 6*s - 6, -3*w + 5*s + 26 = 0. Let p be 4 + (w - 4/2). What is the highest common factor of 8 and p?
4
Suppose -5*v = -x - x - 4, 0 = -2*x + v + 4. Let a be 9/7 + (-14)/49. What is the greatest common divisor of a and x?
1
Let t be 59 + 1*((-3)/(-3) + 0). Calculate the greatest common factor of t and 40.
20
Let k = 74 + -63. Calculate the greatest common divisor of 121 and k.
11
Let o(c) = 2*c - 5*c - 1 + 4*c. Let z be o(5). Suppose 2*v + 216 = z*v. What is the greatest common factor of v and 12?
12
Suppose -2*s = s - 39. Calculate the greatest common divisor of s and 13.
13
Suppose 0 = -3*c - 4*q - 115, c - 4*c = -5*q + 79. Let u be 3/(-2)*352/c. What is the greatest common divisor of 112 and u?
16
Let n(i) = -i**3 + 10*i**2 - 5*i - 8. Let c be n(9). Let s be (-8)/c - 65/(-7). Suppose -2*d + d + s = 0. Calculate the greatest common divisor of d and 9.
9
Suppose c = 5*j - 12, -5*j + 0 + 52 = 4*c. What is the highest common factor of 24 and c?
8
Let z be (2 + 1)/((-3)/(-8)). Suppose -z = 2*b - 24. Calculate the highest common factor of b and 88.
8
Suppose 0 = -l + 5 + 5. Let q(x) = -x. Let n(c) = c - 2. Let i(f) = n(f) + 2*q(f). Let m be i(-6). What is the greatest common factor of l and m?
2
Let z = -84 - -124. Let s be (-6)/(-4)*z/15. Suppose -k + 64 = k. Calculate the highest common factor of s and k.
4
Let x(z) = -z**3 - 7*z**2 + 3. Let a be x(-7). What is the greatest common factor of a and 9?
3
Let r be (6 + -3)/(1 + 0). Suppose -r*o = 2*o - 60. Calculate the highest common factor of 36 and o.
12
Let j be -6*(-4)/12 - 1 - -11. Let b = -1 + 1. Suppose 2*p - 6 = -b. What is the highest common factor of p and j?
3
Let n = 30 + -18. Suppose f - n = -2*f. Calculate the greatest common divisor of f and 12.
4
Suppose 5*u + 2*y - 27 = 37, 3*u + 4*y = 30. Let f be 12 - (1 - (0 + 3)). What is the greatest common divisor of u and f?
14
Let m be -1 + 1/((-1)/(-22)). What is the greatest common divisor of 63 and m?
21
Let p(x) = -x**3 - 7*x**2 - 3*x - 15. Let u be p(-7). What is the highest common factor of 12 and u?
6
Let v = -3 + 6. Suppose 4*z = -12, -v*w + 3*z + 27 = -z. Suppose w*s = 3*n - 80, -2*s + s + 56 = 3*n. What is the greatest common divisor of n and 80?
20
Suppose -3*j - 4*h = -2*h - 15, -h + 9 = 2*j. Let k(y) = y**2 + 8*y - 7. Let i be k(-9). What is the highest common factor of i and j?
1
Suppose 4*b - b = 4*z - 67, -1 = b. What is the greatest common factor of 8 and z?
8
Suppose 0 = 4*s - 3*s - 77. Suppose -2*z + 2 = 4*i, -2*i = -z - 0*i + 21. Calculate the greatest common divisor of s and z.
11
Suppose -i = -2*i - 3*t + 4, 2*i - 8 = 2*t. Suppose -30 = 2*v - i*v. Calculate the highest common divisor of 75 and v.
15
Let r(g) = -g**3 + 7*g**2 - 6*g + 12. Let x be r(5). Calculate the greatest common divis